52*g - 23509. Calculate z(-7).
4
Let j(w) = 2*w**3 + 84*w**2 - 89*w - 91. Determine j(-43).
38
Let g(h) = -h**3 + 26*h**2 - 57*h + 807. Calculate g(25).
7
Let m(p) = 5*p**2 - 218*p - 88. Calculate m(44).
0
Let h(x) = -1011*x - 3028. Give h(-3).
5
Let f(z) = -12*z**2 - 16*z - 46. Calculate f(-4).
-174
Let q(r) = -102*r - 1576. Determine q(-15).
-46
Let i(m) = 2*m**2 + 29*m - 109. Calculate i(3).
-4
Let f(c) = -3*c**2 + 61*c - 113. Calculate f(18).
13
Let r(j) = -j**3 + 6*j**2 + 23*j - 69. Determine r(8).
-13
Let o(n) = -88*n + 2300. Determine o(26).
12
Let z(g) = -g**2 + 46*g + 6027. Calculate z(-58).
-5
Let h(n) = -42*n**3 - 3*n**2 - 12*n - 11. Determine h(-1).
40
Let n(o) = -o**2 + 1689*o - 25077. Calculate n(15).
33
Let p(j) = -2999*j + 45007. Give p(15).
22
Let b(l) = -l**3 + 4*l**2 + 7*l - 19. Give b(-3).
23
Let p(g) = g**3 - 11*g**2 + 32*g - 108. Give p(10).
112
Let n(l) = 31*l - 3042. Calculate n(98).
-4
Let q(s) = 29*s**2 + 71*s - 71. Calculate q(1).
29
Let r(a) = 765*a + 767. What is r(-1)?
2
Let n(x) = x**2 + 586*x + 5755. Give n(-10).
-5
Let l(p) = -p**3 - 14*p**2 + 44*p + 196. Give l(-16).
4
Let d(n) = n**3 + 13*n**2 + 9*n - 5. Calculate d(-13).
-122
Let o(d) = d**3 + 25*d**2 + 130*d + 7. Calculate o(-16).
231
Let g(r) = -r**3 + 12*r**2 + 7*r - 255. Determine g(10).
15
Let q(g) = -g**2 - 402*g + 807. Calculate q(2).
-1
Let g(p) = -2*p**2 + 44*p - 178. Calculate g(5).
-8
Let s(t) = 29*t + 292. Determine s(-11).
-27
Let b(v) = 86*v + 136. Calculate b(6).
652
Let m(c) = c**2 - 27*c - 409. What is m(-11)?
9
Let c(v) = -5*v**3 + v**2 - 3*v + 7. Give c(-3).
160
Let u(b) = 360*b - 16561. What is u(46)?
-1
Let z(o) = -15*o - 21. Give z(-6).
69
Let f(y) = -y**3 - 13*y**2 + 88*y + 1180. Calculate f(-10).
0
Let b(v) = -v**3 - 11*v**2 + 7*v + 79. Give b(-11).
2
Let w(d) = -d**3 + 18*d**2 - 2*d + 18. Determine w(18).
-18
Let i(h) = -h**2 - 18*h + 53. Give i(-22).
-35
Let m(a) = -a**2 - 338*a + 9074. Give m(25).
-1
Let i(m) = -2*m**3 + 72*m**2 + m - 45. What is i(36)?
-9
Let q(b) = 1645*b - 13162. What is q(8)?
-2
Let t(u) = 61*u - 3971. Give t(65).
-6
Let b(x) = -2239*x + 6725. Give b(3).
8
Let q(s) = -65*s + 1106. Give q(17).
1
Let c(r) = -r**3 + 9*r**2 + 55*r + 227. Determine c(14).
17
Let g(q) = -q**3 + 26*q**2 - 82*q - 88. Calculate g(22).
44
Let d(i) = -i**3 - 31*i**2 - 15*i - 2668. Calculate d(-33).
5
Let u(x) = -x**2 - 44*x - 214. Give u(-4).
-54
Let h(w) = -w**3 - 12*w**2 - 22*w + 71. Give h(-8).
-9
Let z(i) = -63*i + 1819. Calculate z(29).
-8
Let q(u) = u**3 - 38*u**2 - 113*u - 402. Give q(41).
8
Let l(v) = -2*v**2 + 291*v - 3227. Calculate l(12).
-23
Let v(k) = -k**3 + 5*k**2 - 33*k + 150. What is v(5)?
-15
Let a(y) = y**3 - 2*y**2 - 122*y + 236. Calculate a(11).
-17
Let b(y) = -2116*y - 23268. What is b(-11)?
8
Let c(u) = 2*u**3 + 70*u**2 + 69*u + 28. Give c(-34).
-6
Let a(h) = 11*h - 128. What is a(32)?
224
Let n(o) = -1197*o + 3582. What is n(3)?
-9
Let f(q) = -2*q**3 - q**2 + 10*q + 3. What is f(-4)?
75
Let x(k) = 36*k - 175. Calculate x(5).
5
Let z(o) = -o**3 - 150*o**2 + 17*o + 2552. Determine z(-150).
2
Let k(y) = y**3 + 13*y**2 + 183*y + 1119. What is k(-8)?
-25
Let z(d) = 18*d**2 + 47*d + 4. Give z(-3).
25
Let n(r) = r**3 + 2*r**2 - 102*r - 33. Calculate n(-11).
0
Let t(f) = f**2 - 9*f + 25. Determine t(20).
245
Let c(h) = -160*h + 7166. Calculate c(45).
-34
Let y(u) = 22*u**2 + 17*u + 4. Determine y(-1).
9
Let x(h) = -h**2 + 54*h + 1684. Calculate x(76).
12
Let r(z) = -z**3 - 34*z**2 - 221*z - 4. Give r(-24).
-460
Let p(m) = -113*m**2 - 2938*m + 29. What is p(-26)?
29
Let g(b) = -6*b**3 + b**2 + 3*b - 9. Determine g(2).
-47
Let v(a) = -a**3 + 9*a**2 + 909*a - 8179. Give v(9).
2
Let f(t) = -t**2 - 36*t - 325. What is f(-21)?
-10
Let u(l) = -185*l + 2208. Determine u(12).
-12
Let r(f) = -31*f + 442. What is r(14)?
8
Let s(p) = 61*p**2 - 14*p - 36. Determine s(-2).
236
Let n(k) = -37*k**2 - 28*k - 2. What is n(-2)?
-94
Let d(v) = -8*v + 305. Give d(29).
73
Let z(q) = 27*q + 126. What is z(-10)?
-144
Let i(a) = a**2 - 14*a + 173. Determine i(12).
149
Let j(u) = 7*u**2 + 26*u + 108. What is j(-8)?
348
Let l(i) = -90*i + 251. Calculate l(3).
-19
Let i(l) = -3*l**3 + 128*l**2 + 170*l + 247. What is i(44)?
-17
Let b(a) = -8*a**3 + 30*a**2 + 9*a - 6. What is b(4)?
-2
Let a(l) = -44*l**2 + 14*l + 12. What is a(-1)?
-46
Let h(b) = -b**2 + 12*b - 119. Calculate h(5).
-84
Let c(v) = -1898*v + 20887. Calculate c(11).
9
Let r(m) = m**3 + 10*m**2 - 96*m + 9. What is r(6)?
9
Let d(a) = -19*a**3 - 3*a**2 - 10*a - 9. What is d(-1)?
17
Let y(n) = -2*n**3 - 15*n**2 + 43*n + 364. Determine y(-7).
14
Let x(f) = 94*f**2 + 15*f - 1. Calculate x(-1).
78
Let w(k) = -325*k - 7572. Give w(-23).
-97
Let k(c) = 6*c**2 - 282*c - 601. Determine k(49).
-13
Let l(c) = -c**3 + 8*c**2 + 6*c + 2. What is l(0)?
2
Let o(v) = -v**3 - 24*v**2 - 4*v - 9. Determine o(-24).
87
Let q(y) = -y**2 - 6*y + 475. Give q(20).
-45
Let s(b) = -467*b - 3761. Give s(-8).
-25
Let r(w) = -w**3 + 4*w**2 - 3*w - 3. What is r(4)?
-15
Let d(l) = l**3 + 23*l**2 - 6*l - 106. Give d(-23).
32
Let t(v) = -178*v + 7475. Calculate t(42).
-1
Let h(y) = y**2 + 103*y + 929. Calculate h(-93).
-1
Let i(w) = -w**2 + 6*w + 63. Calculate i(10).
23
Let a(s) = -s**2 - 93*s - 1386. Give a(-21).
126
Let x(s) = -7*s**2 + 169*s + 39. Give x(24).
63
Let k(h) = -33*h**2 + 126*h + 40. Calculate k(5).
-155
Let z(c) = -32*c**3 + c**2 + 4*c + 1. What is z(-1)?
30
Let o(p) = 9*p**2 + 48*p - 10. Calculate o(0).
-10
Let q(g) = g**3 - 11*g**2 - 13*g + 44. Give q(12).
32
Let r(a) = 10*a**2 - a + 172. Give r(0).
172
Let t(p) = p**2 - 60*p - 754. What is t(-12)?
110
Let k(a) = -5*a**3 + 43*a**2 - 17*a - 4. Calculate k(8).
52
Let j(b) = -90*b + 139. Determine j(-4).
499
Let c(d) = -d**2 + 8*d + 65. What is c(13)?
0
Let h(l) = -2124*l - 10662. Determine h(-5).
-42
Let b(y) = 48*y**2 - 319*y - 108. Give b(7).
11
Let o(p) = -p**3 - 83*p**2 + 368*p + 1730. What is o(-87)?
-10
Let d(v) = 25*v**3 - 2*v**2 - 4*v - 6. Determine d(-2).
-206
Let m(h) = 1032*h - 3098. What is m(3)?
-2
Let m(d) = -610*d + 5492. Calculate m(9).
2
Let l(f) = -27*f - 8. Give l(6).
-170
Let b(k) = -k**2 + 115*k - 2087. Give b(99).
-503
Let j(n) = n**3 - 6*n**2 + 35*n - 220. Give j(6).
-10
Let s(r) = -10*r**2 - r. What is s(0)?
0
Let l(n) = -n**3 - 20*n**2 + 70*n + 1032. Give l(-21).
3
Let i(w) = 71*w**2 - 568*w + 3. Calculate i(8).
3
Let q(h) = h**3 - 13*h**2 - 54*h + 77. Calculate q(16).
-19
Let h(r) = -12*r**2 + 948*r + 948. What is h(-1)?
-12
Let z(c) = -33*c + 142. What is z(3)?
43
Let q(o) = 15*o**2 + 39*o - 76. Calculate q(2).
62
Let u(q) = -q**3 - 27*q**2 + 64*q + 168. What is u(-29)?
-6
Let v(m) = -3*m**3 - 194*m**2 + 1984*m + 13. Determine v(9).
-32
Let z(i) = 47*i + 303. What is z(-5)?
68
Let b(q) = -667*q - 1266. What is b(-2)?
68
Let z(s) = -101*s**2 + 632*s + 633. What is z(-1)?
-100
Let g(o) = -2141*o + 4283. Determine g(2).
1
Let a(x) = -2*x**2 - 42*x - 119. What is a(-19)?
-43
Let p(u) = 3*u**3 + 22*u**2 + 11*u - 66. Determine p(-6).
12
Let w(i) = -i**2 - 451*i + 38876. What is w(74)?
26
Let x(u) = -193*u**2 - 97*u - 2. Determine x(-1).
-98
Let v(u) = 58*u**2 + 29*u - 31. Determine v(1).
56
Let o(m) = 39*m + 1064. Determine o(-27).
11
Let d(i) = i**2 + i - 6. Determine d(-4).
6
Let h(f) = f**3 + f**2 - 2*f + 3. Determine h(3).
33
Let a(v) = -76*v + 185. Give a(-2).
337
Let v(z) = 2*z**3 + 19*z**2 - 13*z + 91. Determine v(-10).
121
Let n(q) = -53*q + 66. Calculate n(-5).
331
Let s(q) = 2181*q + 6553. Give s(-3).
10
Let f(h) = -1837*h + 1810. Determine f(1).
-27
Let u(b) = -424*b - 13544. Give u(-32).
24
Let v(l) = -l**3 + 4*l**2 + 3*l - 143. What is v(0)?
-143
Let s(l) = 3946*l + 23669. Calculate s(-6).
-7
Let f(j) = -j**2 + 209*j + 1280. Determine f(-6).
-10
Let a(g) = 83*g - 609. Calculate a(6).
-111
Let u(k) = -k**2 - 887*k + 9003. Calculate u(10).
33
Let r(c) = -c**2 + 40*c - 360. Calculate r(27).
-9
Let v(u) = 2*u**2 + 416*u + 2433. What is v(-6)?
9
Let k(x) = -x**3 - 28*x**2 + 64*x + 72. Calculate k(-30).
-48
Let x(r) = 91*r**2 + 1182*r. What is x(-13)?
13
Let u(m) = -15*m**2 - m - 5. What is u(-2)?
-63
Let a(t) = t**3 - 75*t**2 - 158*t + 305. Determine a(77).
-3
Let z(y) = -590*y - 4119. Give z(-7).
11
Let a(f) = -2*f**2 - 93*f